*f = 2, -3*n = 2*n - f - 6. Let w(a) be the first derivative of 3 - n*a + 1/2*a**2 + 1/4*a**4 - 5/3*a**3. Determine w(5).
3
Let m = 171 - 3419/20. Let u(w) be the second derivative of -1/6*w**3 + 1/12*w**4 - 1/2*w**2 + 0 + w + m*w**5. What is u(-1)?
0
Let x(r) be the first derivative of r**2/2 + 8*r + 53. Let t(h) = -2*h**3 + h**2 - h. Let j be t(1). Let f be -1*(0/1)/j. Give x(f).
8
Suppose -h - 3 = 2*h. Let x(i) = 4*i**2 - 1. What is x(h)?
3
Let l(w) be the third derivative of -w**5/30 + w**4/8 + w**3/2 - 9*w**2. What is l(3)?
-6
Let m(c) = 2*c - 3. Suppose 2 = -s, 5*y - 4*y - 2 = -2*s. Let u(b) = 2*b - 3. Let a be u(y). Let x = -6 + a. Give m(x).
3
Suppose -4*r = -2*w - 0*w + 24, 0 = r + 3*w + 6. Let x(b) = 0*b**2 - 4 + 7*b**2 + 7*b + 3 - 2 - 3 + b**3. Determine x(r).
-12
Suppose 2*s = s. Let d(a) = a**2 + a + 4. Calculate d(s).
4
Let c(x) = -x + 4. Let q be c(6). Let f(m) be the third derivative of 1/12*m**4 + 0 - 1/6*m**3 + 0*m - 3*m**2. Calculate f(q).
-5
Suppose -2*l + 4*l = -4. Let o(x) = 3*x**2 + 2*x - 3. Let q(f) = -f**3 + 12*f**2 + 9*f - 13. Let p(n) = -9*o(n) + 2*q(n). Give p(l).
5
Let k(b) be the third derivative of b**6/120 - b**5/30 - b**4/8 + b**3/3 + 4*b**2. Calculate k(3).
2
Suppose 0 = 2*m - 0*m - 8. Let g(r) be the third derivative of 0*r**3 - 1/8*r**m + 0*r + 5*r**2 - 1/60*r**5 + 0. Calculate g(-3).
0
Let j be 3/(-1) + (-4)/(-2). Suppose 1 = 5*o - 14. Let l(h) = h + h**3 + h**3 + o*h**3. Calculate l(j).
-6
Let h(m) be the first derivative of -m**2/2 - 2*m + 22. Calculate h(7).
-9
Let a(l) = l + 4. Let y(p) = -p**3 + 4*p**2 - 3*p + 1. Let v be y(2). Suppose -z + 3*z = 2. Suppose 6*k - v*k + 3 = 2*n, -2*k - z = -n. What is a(n)?
7
Let q(t) be the third derivative of 5*t**4/12 - t**3/6 - 20*t**2 - 2. What is q(-2)?
-21
Let h be 6/(-33) + (-2)/(-11). Let i(l) = l**3 + 13. Give i(h).
13
Let g(i) = -i + 9*i**2 - 4*i**2 + 10*i**2 + 2*i. What is g(1)?
16
Suppose -z + 7 = 16. Let k be ((-6)/z)/((-4)/(-6)). Let i(q) = 4 - 4 + 4*q - 5 + 4. Calculate i(k).
3
Let q(k) = k**2 + 4*k + 4. Let t be q(-3). Let z(f) = -f - 1. Let d be (-5)/(-2) + 3/(-2). Let o(g) = 4*g + 4. Let x(r) = d*o(r) + 3*z(r). Give x(t).
2
Let k(j) be the first derivative of 3*j**4/4 - j**3/3 - j**2/2 - 2. Let r be k(-1). Let y(h) = 5*h**3 - 3*h + 2*h**2 + 2 - 1 - 4*h**3. Give y(r).
1
Let u be (-34)/(-10) + (-4)/10. Let c(n) = -5*n - 22*n**3 - 1 + 10*n**3 + 3*n**2 + 13*n**u. Determine c(-4).
3
Let q = -9 - -13. Suppose 0 = q*g - 5 - 11. Let t(o) = -5 + o + g*o - 2*o. What is t(4)?
7
Let t(y) = -4*y + 44. Let a be t(12). Let b(o) = -5*o + 2. What is b(a)?
22
Suppose 1 + 3 = 2*f. Let t(c) = 5*c - 2. Give t(f).
8
Suppose 0*c = -3*h - 5*c - 9, c = 5*h - 13. Let r(g) = -g**3 - h + 2*g**3 - g + 0*g**3 + 5*g**2. Give r(-5).
3
Let g(r) be the first derivative of -r**4/4 + r**3/3 - 3*r**2/2 - 8*r - 6. Let s(c) be the first derivative of g(c). Give s(2).
-11
Suppose n = -4*z - 6 + 13, 0 = -n - z + 4. Suppose -4*d = 2*k + 2*k - 4, -5*d + 7 = n*k. Let l(x) = 2*x**2. What is l(d)?
8
Let f(i) = 5*i**3 - 10*i**3 - i**3 + 0*i**3 - i. What is f(-1)?
7
Let r be 5/(-10) - (1 + (-3)/(-2)). Let f(l) = -l**2 + 2*l - 4. Give f(r).
-19
Let a(w) = 9*w. Suppose 6*x - 3*x + 3 = 0. What is a(x)?
-9
Suppose -2 = -0*f - f. Suppose -q = -z + 1, q = 5*z + 6*q - 15. Let t(s) = -s - z*s + s + 3 + 0*s. Give t(f).
-1
Let r be ((120/(-9))/(-10))/((-4)/(-6)). Let n(a) = -a**2 + 3*a - 2. Give n(r).
0
Let y(s) = -5*s - 4 - 5 + 60*s**2 - 59*s**2. Determine y(7).
5
Let g be 1/(3*(-1)/(-18)). Let j(i) = g*i**2 + 4 - 5*i - 5*i**2 + 0 + 4. Let h(t) = -3*t**2 + 15*t - 23. Let u(k) = -3*h(k) - 8*j(k). Calculate u(4).
1
Let c(t) = -t**3 + 7*t**2 + 10*t - 7. Let b be (-666)/(-81) + (-22)/18 + 1. Give c(b).
9
Let h(b) be the third derivative of -7*b**5/60 + b**4/12 + b**3/6 - 7*b**2. Suppose -3*u - 15 = 0, 2*u + 15 = 5*o - 2*u. What is h(o)?
-8
Let n(a) = a**3 - a**2 + a. Let w(t) = -5*t**3 + 15*t**2 - 14*t - 12. Let v(o) = -4*n(o) - w(o). Calculate v(10).
12
Let a(v) = 2*v + 4 - 2 - 3 - v**3 + 0. Give a(1).
0
Let p(q) be the second derivative of -q**3/6 - 5*q**2 + 4*q - 5. Let d = 1 - 1. What is p(d)?
-10
Let j(w) = w**2 + 5*w + 1. Let o be j(-4). Let y be 16/o + (-2)/3. Let x(t) = -8*t - 5. Let v(g) = -7*g - 4. Let f(m) = y*v(m) + 5*x(m). What is f(-2)?
-5
Let j(g) = g. Let l be j(3). Suppose l*h - 61 = -4*n, -5*h - 6*n + 2*n + 115 = 0. Let m be (1 + h/(-15))*-5. Let x(p) = -p**3 + 4*p**2 - p. What is x(m)?
-4
Let l(d) = -5*d**2 + 5*d - 2 + 7*d**2 - d**2 - 3. Give l(-6).
1
Let n(z) = 5*z**3 + 5*z**2 + 4*z - 9. Let d(s) = -s**3 + s**2 - s + 1. Let i(o) = -4*d(o) - n(o). What is i(-9)?
5
Let p be 4 + (2 - 1) + -2. Let b(j) = -3*j - p + j**2 + 5*j**2 + 0*j - 1 - j**3. What is b(5)?
6
Let i(p) = -p**2 - 39*p - 33*p - 2 + 67*p. Determine i(-2).
4
Suppose -2 = 3*r - 23. Suppose 0 = 2*x - r*x + 10. Suppose x*m - 1 = -3*c - 6, 4*c - 8 = m. Let w(n) = n + 1. Calculate w(m).
-3
Let k(x) = -x**3 - 5*x**2 + 3*x + 4. Let b be (-69)/(-6) + 3/(-2). Suppose -b = 8*p - 6*p. What is k(p)?
-11
Let u = 7 + -2. Let z = u - 6. Let n(b) be the second derivative of -3*b**5/20 + b**3/6 + b. Calculate n(z).
2
Let u be ((-1)/3)/(1/(-6)). Let i(k) = 2 - 2*k**3 + 0*k - 2*k - 3*k**u + k**3. Let n(a) = -2*a + 16. Let x be n(9). Give i(x).
2
Let k(l) = l - 2*l - 6 + 3 + 4. Suppose -2*t + 4 = -4*x + 12, -3*t = x - 9. Let j be 1 + (x + -1)/(-2). What is k(j)?
1
Let b(s) = -s**2 + s - 1. Suppose 3*n - 3*u = 18, 0 = -3*n - 4*u + 2*u - 2. Calculate b(n).
-3
Let z be 2/6 + (-38)/6. Let c be 1 + z/3 + -1. Let b(t) = t + 2. What is b(c)?
0
Let c(v) = -2 + 10*v - 8*v + 0*v**3 + 3*v**2 + 2*v**3. What is c(-2)?
-10
Let y = -5 + 3. Let g(m) = 3*m**2 - 7*m**2 - m**3 + m**2 - m**2 + 1. Calculate g(y).
-7
Let c(w) = -w**2 + 8*w + 13. Let i(l) = l**2 + l - 11. Let m be i(-5). Determine c(m).
4
Let z(q) be the first derivative of -4 + q**2 + 9*q - 2*q**3 - 1/4*q**4. What is z(-6)?
-3
Let q be 32/10 - 5/25. Let m(o) = -o + 1. What is m(q)?
-2
Suppose 0*i + 6 = 3*i. Let u be 2 - (0 + i) - -2. Let b(v) = 1 - v**2 + 2*v**2 - 4*v + 6*v - v**3. What is b(u)?
1
Let o(b) = b**2 - 4*b + 1. Let d be 23/4 - 2/(-8). Suppose u - 2 = -d. Let y be u/2 - 4*-1. Calculate o(y).
-3
Let z(l) = 4*l - 3. Let o(a) = -7*a + 7. Let c(s) = 3*o(s) + 5*z(s). Calculate c(-5).
11
Let v(r) = -r**2 - 5*r. Let u(c) = -c + 6. Let n be u(0). Let h = n - 11. What is v(h)?
0
Let l(s) = s**2 - 5*s + 1. Let q = 13 + -8. Determine l(q).
1
Suppose a + 3*a + 20 = 0. Let l(c) = -6*c + 0*c + 5*c + 2. Calculate l(a).
7
Let z(i) = -i**2 + i + i**2 - 6*i**3 - i**2. Suppose 7*g - 5 = 2*g. What is z(g)?
-6
Let l(m) = m**2 + 1. Let c(h) = -8*h**2 - 10. Let q(r) = -2*c(r) - 18*l(r). Determine q(-2).
-6
Let y(s) = 4 - 5*s**2 + 0*s**2 + 2*s**2 + s**3 + s. Let g be (-1*6/5)/((-2)/5). Give y(g).
7
Suppose f + r - 4 = -r, -4*r = f - 6. Let o = f + -4. Let d(j) = 3*j + 1. Give d(o).
-5
Let y = 2 + -7. Let o(u) = -2*u + 0*u - 1 + 2*u - u. Let k(t) = -2*t**2 - 3*t - 6. Let g(l) = y*o(l) + k(l). Calculate g(2).
-5
Let l be -2 - -6 - (0 - 1). Let s = l - 3. Let i be 1/((-1)/10*s). Let z(g) = g**2 + 5*g + 2. Calculate z(i).
2
Let b be 0 + 2 + -4 - -2. Let j(g) be the third derivative of g**4/24 - g**3/3 + 8*g**2. Determine j(b).
-2
Suppose 0*r - 2*r = 6. Let i be (-2)/r - 7/(-3). Let f(w) = 2*w**2 + 1 - w**i + 0 + 2*w**2 - 2*w. Calculate f(4).
-7
Let i = 39 - 41. Let u(q) = 2*q - 20. Let h(w) = -w + 7. Suppose -s + 42 = -4*s. Let f(j) = s*h(j) - 5*u(j). Give f(i).
-6
Let f(u) be the second derivative of 0 + 1/3*u**3 + 1/2*u**2 + 1/20*u**5 - 1/4*u**4 + 3*u. Let b be (1/(-3))/((-5)/45). What is f(b)?
7
Let l = -18 + 13. Let i(f) = f - 1. Let w(q) = -q**2 + 3*q - 3. Let g = 14 - 8. Let j(x) = g*i(x) - w(x). Calculate j(l).
7
Let j(x) = -4*x - 2. Let f(h) = -3*h - 3. Let k(o) = 3*f(o) - 2*j(o). Give k(-5).
0
Let j(w) = -2*w + 5 + 1 - w**2 - 4. Let b be 32/(-14) - 4/(-14). Let h be b/6 + (-24)/9. What is j(h)?
-1
Let j = -17 - -18. Let t(r) = 5 + 3 - 2*r - 5 - 4. What is t(j)?
-3
Let a(z) = -6 + 5*z**2 + 4*z**2 - 4*z**2. Let l(t) = t**2 - 1. Let n(g) = a(g) - 6*l(g). Determine n(-2).
-4
Suppose 0 = 4*h - 4 + 32. Let q(z) = -4 + 0 + 0 - z**2 - 9*z - 3. Calculate q(h).
7
Let c(z) = -z**3 - 4*z**2 - 2*z - 2. Suppose -v - 18 =